{"id":243,"date":"2024-01-29T15:50:07","date_gmt":"2024-01-29T15:50:07","guid":{"rendered":"https:\/\/nesvankiai.lt\/?post_type=product&#038;p=243"},"modified":"2024-05-07T14:49:53","modified_gmt":"2024-05-07T14:49:53","slug":"dzemperis-be-kapisono","status":"publish","type":"product","link":"https:\/\/nesvankiai.lt\/index.php\/produktas\/dzemperis-be-kapisono\/","title":{"rendered":"RELAXED FIT d\u017eemperis"},"content":{"rendered":"<p><img fetchpriority=\"high\" decoding=\"async\" class=\"alignnone wp-image-449 size-full\" src=\"https:\/\/nesvankiai.lt\/wp-content\/uploads\/2024\/01\/Screenshot-2024-02-19-at-12.42.12.png\" alt=\"\" width=\"1936\" height=\"568\" srcset=\"https:\/\/nesvankiai.lt\/wp-content\/uploads\/2024\/01\/Screenshot-2024-02-19-at-12.42.12.png 1936w, https:\/\/nesvankiai.lt\/wp-content\/uploads\/2024\/01\/Screenshot-2024-02-19-at-12.42.12-300x88.png 300w, https:\/\/nesvankiai.lt\/wp-content\/uploads\/2024\/01\/Screenshot-2024-02-19-at-12.42.12-1024x300.png 1024w, https:\/\/nesvankiai.lt\/wp-content\/uploads\/2024\/01\/Screenshot-2024-02-19-at-12.42.12-768x225.png 768w, https:\/\/nesvankiai.lt\/wp-content\/uploads\/2024\/01\/Screenshot-2024-02-19-at-12.42.12-1536x451.png 1536w, https:\/\/nesvankiai.lt\/wp-content\/uploads\/2024\/01\/Screenshot-2024-02-19-at-12.42.12-600x176.png 600w\" sizes=\"(max-width: 1936px) 100vw, 1936px\" \/><\/p>\n","protected":false},"excerpt":{"rendered":"<p class=\"p1\">100 proc. organin\u0117 medviln\u0117.<\/p>\n<p>D\u017eemper\u012f pagaminsime ir atsi\u0173sime per 10 d.d.<\/p>\n<p class=\"p1\">Individual\u016bs u\u017esakymai n\u0117ra gr\u0105\u017einami.<\/p>\n","protected":false},"featured_media":280,"template":"","meta":[],"product_cat":[32],"product_tag":[],"class_list":{"0":"post-243","1":"product","2":"type-product","3":"status-publish","4":"has-post-thumbnail","6":"product_cat-dzemperiai","8":"first","9":"instock","10":"shipping-taxable","11":"purchasable","12":"product-type-variable"},"_links":{"self":[{"href":"https:\/\/nesvankiai.lt\/index.php\/wp-json\/wp\/v2\/product\/243","targetHints":{"allow":["GET"]}}],"collection":[{"href":"https:\/\/nesvankiai.lt\/index.php\/wp-json\/wp\/v2\/product"}],"about":[{"href":"https:\/\/nesvankiai.lt\/index.php\/wp-json\/wp\/v2\/types\/product"}],"wp:featuredmedia":[{"embeddable":true,"href":"https:\/\/nesvankiai.lt\/index.php\/wp-json\/wp\/v2\/media\/280"}],"wp:attachment":[{"href":"https:\/\/nesvankiai.lt\/index.php\/wp-json\/wp\/v2\/media?parent=243"}],"wp:term":[{"taxonomy":"product_cat","embeddable":true,"href":"https:\/\/nesvankiai.lt\/index.php\/wp-json\/wp\/v2\/product_cat?post=243"},{"taxonomy":"product_tag","embeddable":true,"href":"https:\/\/nesvankiai.lt\/index.php\/wp-json\/wp\/v2\/product_tag?post=243"}],"curies":[{"name":"wp","href":"https:\/\/api.w.org\/{rel}","templated":true}]}}